*p + 92. Give c(27).
65
Let d(k) = k**2 - 211*k + 1234. Calculate d(6).
4
Let d(i) = 3*i**2 - 41*i + 2. Give d(13).
-24
Let p(y) = -483*y - 9710. Give p(-20).
-50
Let c(f) = -f**3 + 31*f**2 + 49*f - 550. Give c(32).
-6
Let f(h) = 2*h**2 + 90*h - 1643. Give f(-59).
9
Let d(n) = 2740*n + 21914. Give d(-8).
-6
Let a(z) = z**2 - 18. Determine a(-7).
31
Let i(u) = -3*u**3 + 45*u**2 - 2*u + 34. Calculate i(15).
4
Let o(g) = 8*g**3 - 45*g**2 + 18*g + 8. Calculate o(5).
-27
Let b(o) = -o**3 - 7*o**2 - 17*o - 12. What is b(-7)?
107
Let p(j) = -89*j - 12653. Give p(-141).
-104
Let s(t) = t**2 - 1060*t - 19410. Calculate s(-18).
-6
Let v(n) = -176*n + 10413. Determine v(59).
29
Let b(x) = 264*x - 1580. Give b(6).
4
Let p(z) = -24*z - 585. What is p(-24)?
-9
Let t(g) = 3*g**2 - 101*g + 486. What is t(6)?
-12
Let a(l) = 2*l**2 - 831*l + 18071. Give a(23).
16
Let x(b) = 51*b + 1459. Give x(-29).
-20
Let u(y) = -7*y**2 - 56*y + 150. Give u(-10).
10
Let n(w) = -225*w + 11248. What is n(51)?
-227
Let i(l) = l**3 + 108*l**2 + 225*l + 1307. What is i(-106)?
-71
Let g(b) = -3*b**2 - 18*b - 9. Calculate g(-5).
6
Let f(d) = 20*d + 647. What is f(-33)?
-13
Let z(g) = -144*g + 449. Give z(3).
17
Let x(b) = 619*b - 31622. Give x(51).
-53
Let y(m) = 1836*m + 9174. Give y(-5).
-6
Let a(r) = -2*r**2 + r + 188. What is a(0)?
188
Let t(q) = -172*q**3 - 5*q**2 - 6*q. Calculate t(-1).
173
Let q(c) = -4*c**3 + 6*c**2 + 3. What is q(3)?
-51
Let p(y) = 310*y - 384. Determine p(1).
-74
Let c(h) = h**3 - 10*h**2 + 15*h + 8. Give c(5).
-42
Let i(s) = -132*s + 533. Calculate i(4).
5
Let s(g) = 18*g + 93. Give s(-23).
-321
Let p(k) = -6066*k - 109189. Give p(-18).
-1
Let m(k) = 53*k**2 - 906*k + 58. Determine m(17).
-27
Let y(i) = -49*i - 737. Give y(-13).
-100
Let d(y) = -5225*y - 5263. Calculate d(-1).
-38
Let a(m) = -18*m + 2. What is a(15)?
-268
Let j(l) = -3*l**2 - 13*l + 47. Determine j(-8).
-41
Let v(t) = -1419*t - 24126. Give v(-17).
-3
Let u(a) = 2*a**2 + 77*a - 635. Determine u(7).
2
Let v(o) = -o**3 - 22*o**2 + 58*o + 31. Determine v(-24).
-209
Let h(d) = d**3 - 107*d**2 + 207*d + 361. What is h(105)?
46
Let m(n) = n**3 - 6*n**2 - 116*n + 9. Calculate m(-8).
41
Let r(s) = s**3 - 31*s**2 + 31*s - 39. What is r(30)?
-9
Let x(g) = 2*g - 33. Calculate x(14).
-5
Let q(w) = -6*w**3 + 7*w**2 - 2*w - 6. Determine q(-3).
225
Let s(v) = -2*v**3 - 202*v**2 + 1515*v + 169. Determine s(-108).
-155
Let w(m) = -m**2 - 19*m - 13. Determine w(-17).
21
Let h(p) = -130*p**3 - 3*p**2 - p. Calculate h(-1).
128
Let j(y) = 10*y**3 + 10*y**2 - 13*y - 5. What is j(2)?
89
Let p(z) = 12*z**2 + 127*z + 5. Give p(-11).
60
Let m(x) = x**2 + 69*x - 360. What is m(5)?
10
Let p(w) = 2*w**2 - 11*w - 31. Calculate p(-7).
144
Let k(r) = -404*r + 393. Determine k(1).
-11
Let q(u) = -2*u**2 - 17*u - 23. Give q(-15).
-218
Let s(r) = 93*r + 11233. Give s(-120).
73
Let k(u) = 12*u - 245. Determine k(26).
67
Let i(b) = b**3 - 211*b**2 - 647*b + 1042. Calculate i(214).
-28
Let l(m) = m**3 + 80*m**2 + 517*m + 421. What is l(-73)?
-17
Let m(p) = 1214*p - 1248. Calculate m(1).
-34
Let d(c) = -133*c + 1054. Calculate d(7).
123
Let h(o) = -6*o**2 - 701*o - 578. Determine h(-116).
2
Let m(z) = -4*z**3 + 2*z**2 - 19*z + 85. Determine m(6).
-821
Let p(f) = -9*f**2 + 17*f + 2. Calculate p(1).
10
Let r(o) = o**3 + 3*o**2 + 10*o - 18. Give r(4).
134
Let l(q) = -2*q**2 + 2475*q - 53494. Calculate l(22).
-12
Let r(i) = i**3 - 13*i**2 + 9*i - 248. Give r(14).
74
Let z(y) = -2*y**3 - 37*y**2 - 29*y - 63. Give z(-18).
135
Let k(o) = -144*o - 96. Calculate k(-1).
48
Let j(z) = -2*z**3 - 18*z**2 - 111*z - 751. What is j(-8)?
9
Let d(j) = 16*j - 341. Determine d(21).
-5
Let r(w) = 6*w - 233. Calculate r(38).
-5
Let r(q) = -q**2 - 553*q + 7958. Calculate r(14).
20
Let h(y) = -12*y**2 + 108*y + 110. Calculate h(-1).
-10
Let k(i) = -i**3 + 11*i**2 - 30*i + 46. Calculate k(6).
46
Let v(x) = -3*x + 1. Give v(-68).
205
Let n(c) = c**3 + 9*c**2 - 8*c + 18. What is n(-10)?
-2
Let s(j) = -j**2 - 75*j - 792. Give s(-63).
-36
Let x(m) = -11640*m + 34937. What is x(3)?
17
Let p(t) = 16*t**2 - 1825*t + 97. Give p(114).
-17
Let x(n) = -159*n + 1574. Calculate x(10).
-16
Let s(i) = i**2 + 22*i - 53. What is s(2)?
-5
Let d(v) = -2*v**3 - 4*v**2 + 5*v. Calculate d(4).
-172
Let y(q) = -6*q + 748. Calculate y(126).
-8
Let z(g) = g**3 - 780*g**2 - 4718*g - 7. Calculate z(-6).
5
Let n(g) = -g**3 + 20*g**2 - 57*g + 195. Determine n(17).
93
Let y(o) = -2*o**3 - 57*o**2 + 74*o + 1310. Determine y(-29).
5
Let l(o) = 2*o**3 - 4*o**2 + 47*o - 142. Calculate l(3).
17
Let d(k) = -64*k + 217. Determine d(5).
-103
Let y(b) = b**2 + 18*b - 20397. Give y(134).
-29
Let v(u) = u**3 - 25*u**2 - 139*u + 735. Determine v(29).
68
Let z(k) = k**2 - 208*k - 2829. Determine z(-15).
516
Let n(c) = 3*c**3 - 4*c**2 + 7*c + 14. What is n(5)?
324
Let g(o) = 104*o - 3523. Calculate g(34).
13
Let s(c) = c**3 - 6*c**2 + 13*c - 163. Calculate s(7).
-23
Let k(v) = -43*v - 180. Determine k(0).
-180
Let g(o) = -29*o - 987. Determine g(-34).
-1
Let r(l) = -l**3 - 70*l**2 + 711*l + 10. Calculate r(9).
10
Let a(b) = -786*b + 21236. Give a(27).
14
Let j(c) = 2*c**3 - 67*c**2 + 35*c - 30. What is j(33)?
36
Let q(y) = 14*y**2 - 76*y - 51. Calculate q(6).
-3
Let a(f) = -34*f**2 + 107*f + 109. Determine a(4).
-7
Let r(t) = 8*t**2 + 14*t - 50. Calculate r(2).
10
Let z(m) = 599*m + 4785. Give z(-8).
-7
Let v(w) = 3*w**2 - 215*w - 455. Determine v(-2).
-13
Let b(d) = -d**2 + 21*d + 297. Calculate b(29).
65
Let x(k) = -48*k + 1177. Determine x(25).
-23
Let f(q) = -q**3 + 18*q**2 + 71*q - 1045. Calculate f(7).
-9
Let a(c) = -c**3 - 35*c**2 - 144*c + 214. Calculate a(-30).
34
Let k(i) = 5*i**2 + 198*i - 1854. Give k(9).
333
Let z(y) = 2*y**3 + 6*y**2 - 22*y + 15. Determine z(3).
57
Let n(b) = 76*b - 4446. Calculate n(58).
-38
Let x(s) = 7*s + 69. Determine x(4).
97
Let s(y) = -3*y**3 - 184*y**2 - 18*y + 2624. Determine s(-61).
1
Let g(o) = o**3 + 20*o**2 - o + 241. Calculate g(-19).
621
Let f(w) = -38*w + 309. Give f(8).
5
Let d(c) = 6797*c + 33987. Give d(-5).
2
Let u(t) = 203*t + 867. Determine u(-4).
55
Let n(j) = 33*j**2 + 38*j - 48. Give n(-2).
8
Let m(v) = v**2 - 22*v + 114. Give m(13).
-3
Let x(t) = 3*t**2 - 17*t - 15. Give x(6).
-9
Let w(s) = -s**3 + 22*s**2 + 34*s + 360. Give w(24).
24
Let u(f) = 227*f - 252. What is u(1)?
-25
Let h(l) = 2*l**2 - 35*l - 18. Give h(18).
0
Let o(j) = -569*j + 2272. Give o(4).
-4
Let m(x) = 31*x - 249. Give m(-4).
-373
Let x(i) = 2*i**3 - 56*i**2 - 113*i - 213. Give x(30).
-3
Let k(g) = -40*g**2 + 422*g - 6. Give k(10).
214
Let h(m) = 167*m + 352. What is h(-2)?
18
Let y(n) = -n**2 + 177*n + 576. Calculate y(-3).
36
Let b(r) = 1112*r - 94527. Calculate b(85).
-7
Let w(c) = 16*c - 296. Give w(16).
-40
Let p(i) = 5*i**3 - 92*i**2 + 44*i - 142. Give p(18).
2
Let m(t) = -5*t**2 + 915*t - 912. Give m(182).
-2
Let j(l) = 2*l**3 + l**2 + 102*l + 195. Give j(-2).
-21
Let s(f) = -150*f - 4164. Calculate s(-28).
36
Let h(w) = w**2 + 2*w - 83. Give h(8).
-3
Let u(c) = -21*c**2 - 592*c + 595. Give u(1).
-18
Let c(p) = -5*p**3 + 39*p**2 - 18*p - 66. Give c(7).
4
Let s(h) = 96*h - 2539. Calculate s(26).
-43
Let j(c) = -c**3 + 74*c**2 + 230*c + 70. Determine j(77).
-7
Let y(b) = -5956*b + 119127. What is y(20)?
7
Let f(h) = -h**2 - 12*h + 26. What is f(4)?
-38
Let i(d) = -4*d**2 - 22*d - 12. Give i(-4).
12
Let r(s) = -s**3 - s**2 + 13*s - 15. Give r(-5).
20
Let o(n) = -3*n**3 + 786*n**2 + 787*n + 523. Determine o(263).
-3
Let c(h) = -167*h + 537. Determine c(8).
-799
Let n(a) = a**3 - 180*a**2 - 335*a - 5278. What is n(182)?
0
Let c(l) = -l**2 + 3*l + 3954. Calculate c(-61).
50
Let m(f) = -3*f**2 - 48*f - 13. Determine m(-14).
71
Let z(j) = 31*j - 1520. Give z(52).
92
Let q(s) = -s**3 + 2*s**2 - 3*s + 48. What is q(0)?
48
Let i(d) = -5*d**2 - 31*d - 1. Calculate i(-7).
-29
Let f(m) = 2496*m - 17494. Calculate f(7).
-22
Let m(b) = b**3 - 10*b**2 - 64*b + 413. Calculate m(13).
88
Let l(t) = -16*t**2 + 67*t - 69. What is l(1)?
-18
Let v(j) = 2*j**3 - 21*j**2 - 60*j + 581. Calculate v(8).
-219
Let b(u) = -11*u**2 - 37*u + 144. Give b(2).
26
Let i(h) = h**3 - 2*h**2 + 7. Determine i(2).
7
Let m(s) = -1493*s + 26871. Calculate m(18).
-3
Let r(g) = 33*g**2 - 8*g - 2. Determine